be (-4)/((-48)/13149) + 12/48. Let y = 95 - 49. What is the remainder when 2/((-16)/s*-1) is divided by y?
45
Suppose 334 + 121 = 5*k. Let m = k - 56. Suppose -2*l + m - 9 = 0. Calculate the remainder when 22 is divided by l.
9
Suppose -18238 = -17*p - 9*p - 4016. Calculate the remainder when p is divided by 46.
41
Let h(a) = 3*a**3 + 78*a**2 - 15*a - 111. What is the remainder when h(-26) is divided by 273?
6
Suppose 0 = 2*h - 91 - 103. Suppose -2*w + b = 1026, 2*b + 39 + 1493 = -3*w. Let y = -479 - w. What is the remainder when h is divided by y?
31
Suppose 59*k - 1596 - 764 = 0. Calculate the remainder when 7519 is divided by k.
39
Let x(w) = -44*w + 2591. What is the remainder when x(-40) is divided by 32?
31
Suppose -33*k + 14*k = -11975 - 4574. What is the remainder when k is divided by 177?
163
Suppose -5*z - c = -1824, -10*c + 12*c - 1093 = -3*z. Calculate the remainder when z is divided by 92.
89
Suppose 5*n - 7*g + 5*g - 17507 = 0, n - 3498 = -3*g. Suppose 10*d = d + n. What is the remainder when d is divided by 8?
5
Suppose -2*l - 5*l + 224 = 0. Let b be (-240)/l*2/(-3). Suppose -2*z + 28 = c, b*c - c - 5*z - 125 = 0. Calculate the remainder when 58 is divided by c.
28
Let z(q) = -27*q + 6*q**2 + 20*q**2 + 16*q + 10*q + 1. What is the remainder when 72 is divided by z(1)?
20
Suppose 0 = -2*b - 0*b + 4. Suppose 3*h + p - 75 = -h, b*p = h - 30. Let m = 15 + 23. What is the remainder when m is divided by h?
18
Let y = -18 - -16. Let j be (7 - 2)/((-4)/(y + -2)). Suppose j*w - u - 118 = -4*u, 16 = -4*u. Calculate the remainder when 126 is divided by w.
22
Let l = -217 + 234. Let i(o) = 2*o + 160. What is the remainder when i(-44) is divided by l?
4
Suppose -23 = -b - 16. Suppose b*y - 161 = -56. Calculate the remainder when y is divided by 36/(-8)*(0/7 + -2).
6
Let d(c) = -3*c - 43. Let x be d(-18). Suppose 6*y - x*y = -5. Let t(i) = 32*i - 2. What is the remainder when 57 is divided by t(y)?
27
Let g = -39 + 195. Suppose s + g = 4*l - 3*s, 0 = 3*l + s - 121. What is the remainder when 139 is divided by l?
19
Suppose -38*x = -68*x + 4170. What is the remainder when 416 is divided by x?
138
Let y(d) = -10*d**3 + 2*d**2 - 6*d + 2. Let w be y(-3). Suppose 22*v = 8*v + w. What is the remainder when 460 is divided by v?
20
Suppose -52*v = -2*x - 56*v + 70, -x - 4*v + 45 = 0. Calculate the remainder when x is divided by 9 + -1 + 1 - 0.
7
Let g(n) = -n**3 + 103*n**2 - 216*n + 1445. What is the remainder when 211 is divided by g(101)?
25
Let u = 2913 - 1793. What is the remainder when u is divided by 19?
18
Let n(y) = 3*y**2 + 7*y + 8. Let i(l) = l - 1. Let p(h) = -11*h + 16. Let g(t) = i(t) - p(t). Calculate the remainder when g(6) is divided by n(-3).
13
Suppose -329 = 21*y - 3773. Calculate the remainder when y is divided by 41.
0
Suppose -5*v - 10*q + 520 = -13*q, q = -v + 96. Calculate the remainder when 421 is divided by v.
17
Suppose -256 - 569 = -33*q. Suppose -27*w + 448 + 470 = 0. Calculate the remainder when w is divided by q.
9
Let o = 75 - 29. Let n(b) = -b**3 + 3*b**2 + 4*b - 5. Calculate the remainder when o is divided by n(3).
4
Let z(u) = -5*u**3 + 178*u**2 + 71*u + 116. Calculate the remainder when 238 is divided by z(36).
78
What is the remainder when 3545 is divided by 194/5 - (-259)/1295?
35
Let y(h) = -2*h**3 - 92*h**2 - 91*h - 45. Let t be y(-45). Suppose t = -4*q + 16, -3*g + 528 = g - q. What is the remainder when g is divided by 130?
3
Let n(d) be the first derivative of d**4/4 + 7*d**2 - 2*d - 452. Let p = -33 + 56. What is the remainder when n(3) is divided by p?
21
Suppose 484 = 5*w + 6*w. Calculate the remainder when 25 is divided by (2 - w/28) + (-520)/(-28).
6
What is the remainder when -6 + 1160/60*6/4 is divided by 10?
3
Let v = 35 - -79. Suppose -6*n + v = 2*b - 5*n, 0 = -4*b + 5*n + 228. Calculate the remainder when b is divided by 29.
28
Let q = 243 - 249. Let t(d) = -9*d**2 - 58*d + 5. What is the remainder when 82 is divided by t(q)?
24
Let i = -26 - -55. Suppose 718 = 13*m - 8*m - s, 5*m = 2*s + 716. Calculate the remainder when m is divided by i.
28
Let f(g) = g**2 - g + 2. Let h be f(1). What is the remainder when 36 is divided by (60/(-18) - 2)*(-3)/h?
4
Let u = -7 + 17. Let d(r) = 3*r + 2. Let g(l) = l - 1. Let b(f) = d(f) + 3*g(f). Calculate the remainder when b(6) is divided by u.
5
Let j(q) = 31*q + 491. Calculate the remainder when 192 is divided by j(-14).
21
Let n = -15608 - -15619. Let a = 340 + -128. Suppose 3 = -n*k + a. What is the remainder when k is divided by 8?
3
Let w(l) = 3*l**2 - 44*l + 33. Let x be w(14). Suppose -4*h - 10 + 106 = -4*z, 0 = h - x*z - 24. What is the remainder when 89 is divided by h?
17
Suppose 7*n = 2*n + 20. Suppose -n*y = -5*y + 6. Let s = -1394 - -1410. Calculate the remainder when s is divided by y.
4
Calculate the remainder when 1503 is divided by (-21*(-80)/(-45))/(0 - (-8)/(-36)).
159
Let j = 356 + -322. Suppose -2*t + 3*x = -4*t + 5, -2*t - 5*x + 3 = 0. What is the remainder when j is divided by t?
2
What is the remainder when 351 is divided by (141/12)/(48/(-64) + 1)?
22
Let u = 4 - -22. Suppose 0 = -2*g - 2*z + u, -3*g = -2*z - 19 - 15. Let l = 36 + g. Calculate the remainder when l is divided by 25.
23
Let h be (-1)/(10/(-4))*5. Suppose m - h*m = -34. Suppose -8*z + 670 = -3*z. What is the remainder when z is divided by m?
32
Let y(s) = -52*s - 91. Suppose -15*g - 56 = 34. What is the remainder when y(g) is divided by 28?
25
Calculate the remainder when (-36)/(-6) - ((-6 - 0) + -1)*811 is divided by 29.
28
What is the remainder when 1/(-3) + 4*(-16627)/(-156) is divided by 72?
66
Suppose -4*z - 4*o = -174 - 18, 3*z - 140 = o. Let g(s) = s**3 + 18*s**2 - 27*s - 29. Calculate the remainder when g(-19) is divided by z.
29
Suppose 825 = 8*l - 1111. Let j = -188 + l. What is the remainder when j is divided by 25?
4
Suppose 0 = -5*k - c - 1337 - 256, 4*c - 327 = k. Let w = -181 - k. Suppose -3*p - w = -6*p. Calculate the remainder when p is divided by 16.
14
Suppose 750 = -19*u + 36*u - 151. Calculate the remainder when 75 is divided by u.
22
Let v = -1789 - -3343. What is the remainder when v is divided by 62?
4
Suppose -v - 33 + 89 = 0. Let h be (-1 + (-258)/(-6))*1. Suppose h*s - 50*s = -152. What is the remainder when v is divided by s?
18
Suppose 3104 = -11*f + 167. Let s be (f/12 + (-6)/3)*-4. Let v = s + -87. What is the remainder when 18 is divided by v?
8
Suppose -24*z - 476 = -31*z. Suppose c + 2*l + 376 = 4*c, c - 124 = l. What is the remainder when c is divided by z?
60
Let z = -359 + 363. Suppose -92 = -z*h - 48. Calculate the remainder when 21 is divided by h.
10
Let k be (2 + (-56)/24)*2*3. Let y(g) = -3*g**3 - 4*g**2 - 5*g - 3. Calculate the remainder when 179 is divided by y(k).
14
Let h be (14/(-42))/((-5)/(-525)). Let n be 4/(-6) + 197/3. Let r = n + h. What is the remainder when r is divided by 11?
8
Let q(n) = -7*n**2 - 2*n - 1. Let t be q(-1). Let v = -41064 - -41068. What is the remainder when 2/(-6) - 200/t is divided by v?
1
What is the remainder when 52 is divided by 8/(64/10)*(11 + -6 + -1)?
2
Let o(w) be the second derivative of -w + 7/2*w**3 + 0 + 1/20*w**5 - 13/2*w**2 - 11/12*w**4. What is the remainder when 96 is divided by o(9)?
12
Let q be (2 - 2)/(6 + -3). Suppose 3*y - 24 = -q*y. Suppose -4*p = j + 8, -24*p + 27*p = -j - 3. Calculate the remainder when j is divided by y.
4
Suppose 5*t + 3*r = 34, 0 = -t - t + 3*r + 1. Suppose -5*h + v = -42 - 12, 3*v = -t*h + 38. Calculate the remainder when 37 is divided by h.
7
Suppose -4*k - 627 + 703 = 0. Calculate the remainder when 879 is divided by k.
5
Suppose 162 = b + 40. Suppose 670*f - 661*f - 162 = 0. Suppose 7*k - f = b. What is the remainder when 50 is divided by k?
10
Suppose 0 = 4*d + d - 115. Calculate the remainder when -14 + (68 - 2 - 9) is divided by d.
20
Suppose -276307 = -20*y + 170673. What is the remainder when y is divided by 254?
251
Let g(n) be the third derivative of -n**6/120 + n**5/10 - n**4/6 + n**3/2 - 7*n**2. Calculate the remainder when g(4) is divided by (-240)/(-25) - -1*4/10.
9
Let a = 233 - 225. What is the remainder when 283 is divided by a?
3
Let t = -9721 - -9761. What is the remainder when 639 is divided by t?
39
Calculate the remainder when 121